{"id":970,"date":"2015-02-06T08:34:57","date_gmt":"2015-02-06T07:34:57","guid":{"rendered":"http:\/\/orawka-kosciol.pl\/wp-content\/uploads\/2015\/02\/karczma-i-figura.jpg"},"modified":"2015-02-06T08:36:51","modified_gmt":"2015-02-06T07:36:51","slug":"karczma-i-figura","status":"inherit","type":"attachment","link":"https:\/\/orawka-kosciol.pl\/en\/karczma-i-figura\/","title":{"rendered":"karczma i figura"},"author":1,"featured_media":0,"comment_status":"closed","ping_status":"open","template":"","meta":[],"class_list":["post-970","attachment","type-attachment","status-inherit","hentry"],"description":{"rendered":"<p class=\"attachment\"><a href='https:\/\/orawka-kosciol.pl\/wp-content\/uploads\/2015\/02\/karczma-i-figura.jpg'><img loading=\"lazy\" decoding=\"async\" width=\"300\" height=\"235\" src=\"https:\/\/orawka-kosciol.pl\/wp-content\/uploads\/2015\/02\/karczma-i-figura-300x235.jpg\" class=\"attachment-medium size-medium\" alt=\"\" srcset=\"https:\/\/orawka-kosciol.pl\/wp-content\/uploads\/2015\/02\/karczma-i-figura-300x235.jpg 300w, https:\/\/orawka-kosciol.pl\/wp-content\/uploads\/2015\/02\/karczma-i-figura-624x489.jpg 624w, https:\/\/orawka-kosciol.pl\/wp-content\/uploads\/2015\/02\/karczma-i-figura.jpg 650w\" sizes=\"auto, (max-width: 300px) 100vw, 300px\" \/><\/a><\/p>\n"},"caption":{"rendered":"<p>,,Przed\u015bwi\u0105teczny targ na konie,, w Orawce na placu przed star\u0105 karczm\u0105. Okres 1932 -34.<\/p>\n"},"alt_text":"","media_type":"image","mime_type":"image\/jpeg","media_details":{"width":650,"height":509,"file":"2015\/02\/karczma-i-figura.jpg","sizes":{"thumbnail":{"file":"karczma-i-figura-150x150.jpg","width":150,"height":150,"mime_type":"image\/jpeg","source_url":"https:\/\/orawka-kosciol.pl\/wp-content\/uploads\/2015\/02\/karczma-i-figura-150x150.jpg"},"medium":{"file":"karczma-i-figura-300x235.jpg","width":300,"height":235,"mime_type":"image\/jpeg","source_url":"https:\/\/orawka-kosciol.pl\/wp-content\/uploads\/2015\/02\/karczma-i-figura-300x235.jpg"},"post-thumbnail":{"file":"karczma-i-figura-624x489.jpg","width":624,"height":489,"mime_type":"image\/jpeg","source_url":"https:\/\/orawka-kosciol.pl\/wp-content\/uploads\/2015\/02\/karczma-i-figura-624x489.jpg"},"full":{"file":"karczma-i-figura.jpg","width":650,"height":509,"mime_type":"image\/jpeg","source_url":"https:\/\/orawka-kosciol.pl\/wp-content\/uploads\/2015\/02\/karczma-i-figura.jpg"}},"image_meta":{"aperture":0,"credit":"Prezes","camera":"","caption":"","created_timestamp":0,"copyright":"","focal_length":0,"iso":0,"shutter_speed":0,"title":"","orientation":0}},"post":null,"source_url":"https:\/\/orawka-kosciol.pl\/wp-content\/uploads\/2015\/02\/karczma-i-figura.jpg","_links":{"self":[{"href":"https:\/\/orawka-kosciol.pl\/en\/wp-json\/wp\/v2\/media\/970","targetHints":{"allow":["GET"]}}],"collection":[{"href":"https:\/\/orawka-kosciol.pl\/en\/wp-json\/wp\/v2\/media"}],"about":[{"href":"https:\/\/orawka-kosciol.pl\/en\/wp-json\/wp\/v2\/types\/attachment"}],"author":[{"embeddable":true,"href":"https:\/\/orawka-kosciol.pl\/en\/wp-json\/wp\/v2\/users\/1"}]}}

<p>,,Przedświąteczny targ na konie,, w Orawce na placu przed starą karczmą. Okres 1932 -34.</p>
