{"id":10,"date":"2013-12-03T16:25:07","date_gmt":"2013-12-03T15:25:07","guid":{"rendered":"http:\/\/orawka-kosciol.pl\/?page_id=10"},"modified":"2025-07-29T20:33:47","modified_gmt":"2025-07-29T18:33:47","slug":"historia","status":"publish","type":"page","link":"https:\/\/orawka-kosciol.pl\/es\/historia\/","title":{"rendered":"Descripci\u00f3n e Historia"},"content":{"rendered":"<p>La Iglesia Parroquial de San Juan Bautista en Orawka es la primera iglesia cat\u00f3lica <span id=\"result_box\" class=\"short_text\" lang=\"es\"><span class=\"\">parroquial<\/span><\/span> en Orawa Alta. Estas tierras pertenec\u00edan al Reino de Hungr\u00eda y sus propietarios fueron desde 1556 caballeros protestantes del Castillo de Orawa, ahora en Eslovaquia. No fue sino hasta alrededor de 1650, cuando fue iniciada la construcci\u00f3n de la iglesia y establecida una parroquia cat\u00f3lica que abarcaba 12 aldeas. El organizador de este proyecto, con el apoyo del Imperio y el arzobispado de Esztergom, fue el sacerdote polaco Jan Szczechowicz.<\/p>\n<p>El presbiterio de la sacrist\u00eda y la nave, las partes m\u00e1s antiguas de la iglesia, fueron construidas con vigas de alerce, es decir, sin clavos, sobre una base de piedra alrededor de los a\u00f1os 1650 a 1656. La capilla enyesada de piedra fue terminada en 1728 y la torre aguda fue integrada en la nave en 1901. El techo de la nave, el presbiterio y la capilla fueron dise\u00f1ados y construidos en 1935.<\/p>\n<div id=\"attachment_689\" style=\"width: 210px\" class=\"wp-caption alignleft\"><a href=\"http:\/\/orawka-kosciol.pl\/wp-content\/uploads\/2014\/06\/MG_0200.jpg\"><img loading=\"lazy\" decoding=\"async\" aria-describedby=\"caption-attachment-689\" class=\"size-medium wp-image-689\" src=\"http:\/\/orawka-kosciol.pl\/wp-content\/uploads\/2014\/06\/MG_0200-200x300.jpg\" alt=\"fot. Tomasz Parys\" width=\"200\" height=\"300\" srcset=\"https:\/\/orawka-kosciol.pl\/wp-content\/uploads\/2014\/06\/MG_0200-200x300.jpg 200w, https:\/\/orawka-kosciol.pl\/wp-content\/uploads\/2014\/06\/MG_0200-682x1024.jpg 682w, https:\/\/orawka-kosciol.pl\/wp-content\/uploads\/2014\/06\/MG_0200-624x936.jpg 624w\" sizes=\"auto, (max-width: 200px) 100vw, 200px\" \/><\/a><p id=\"caption-attachment-689\" class=\"wp-caption-text\">fot. Tomasz Parys<\/p><\/div>\n<p>El altar y el p\u00falpito provienen de la primera mitad del siglo XVIII, ejecutados en estilo barroco tard\u00edo. Este es el segundo juego en la iglesia, el original era mucho m\u00e1s peque\u00f1o y modesto, como lo demuestran las pinturas que se encuentran actualmente en los altares. En las dos plantas principales del altar se encuentran estas esculturas: la Piedad, a su izquierda San Adalberto, a su derecha San Estanislao, los patronos de los polacos, y junto a ellos a la izquierda San Esteban y a la derecha San Ladislao, los patronos de la monarqu\u00eda h\u00fangara. En la planta de arriba, empezando desde la izquierda, Santa Barbara, la imagen de Virgen con Jes\u00fas y San Juan como ni\u00f1os, Santa Catalina de Alejandr\u00eda.En el flor\u00f3n Nuestra Se\u00f1ora de la Victoria, que simboliza la victoria del catolicismo sobre el luteranismo.<\/p>\n<p>El altar lateral izquierdo est\u00e1 dedicado a Nuestra Se\u00f1ora de la Inmaculada Concepci\u00f3n, sobre su imagen encontramos la Sagrada Familia y en el flor\u00f3n el Arc\u00e1ngel Miguel venciendo a Satan\u00e1s.<\/p>\n<p>En el altar lateral derecho hay una copia del famoso cuadro de Rubens \u00abCristo de la lanzada\u00bb, sobre ella la Virgen de los Dolores y en el flor\u00f3n el Cristo Resucitado. <span id=\"result_box\" class=\"\" lang=\"es\">La estatua de madera est\u00e1 hecho de la \/ siglo XVI XV. Estilo g\u00f3tico con estuco: pelo, <span class=\"\">corona y<\/span> <span class=\"\">manto.<\/span><\/span><\/p>\n<p>En el arco triunfal est\u00e1 el Grupo de Crucifixi\u00f3n barroco existente desde la construcci\u00f3n de esta Iglesia, as\u00ed desde la izquierda encontramos a la Madre de Dios, a Mar\u00eda Magdalena, al Cristo en la Cruz y a San Juan. En el lado izquierdo de la capa del arco triunfal est\u00e1 el escudo de los Habsburgo, sin el apoyo de los cuales la iglesia cat\u00f3lica no hubiera estado en las tierras pertenecientes a los luteranos, y a la derecha el escudo del arzobispo de Esztergom Gy\u00f6rgy Lippay que deleg\u00f3 al sacerdote Szczechowicz para trabajar en Orawa Alta.<\/p>\n<p><a href=\"http:\/\/orawka-kosciol.pl\/wp-content\/uploads\/2014\/01\/image016.png\"><img loading=\"lazy\" decoding=\"async\" class=\"alignleft size-medium wp-image-309\" src=\"http:\/\/orawka-kosciol.pl\/wp-content\/uploads\/2014\/01\/image016-249x300.png\" alt=\"image016\" width=\"249\" height=\"300\" srcset=\"https:\/\/orawka-kosciol.pl\/wp-content\/uploads\/2014\/01\/image016-249x300.png 249w, https:\/\/orawka-kosciol.pl\/wp-content\/uploads\/2014\/01\/image016.png 295w\" sizes=\"auto, (max-width: 249px) 100vw, 249px\" \/><\/a>Las paredes de la iglesia est\u00e1n cubiertas con policrom\u00edas hechas por artistas desconocidos en varias etapas, entre 1656 y mediados del siglo XVIII. Las pinturas m\u00e1s importantes son 14 pinturas que representan escenas de la vida de San Juan Bautista. El ciclo inicia con la \u00abAnunciaci\u00f3n a Zacar\u00edas\u00bb en el techo del presbiterio, seguido de la \u00abVisitaci\u00f3n de Isabel\u00bb. Despu\u00e9s contin\u00faa en el techo de la nave el \u00abNacimiento de San Juan\u00bb y el \u00abJoven San Juan en el desierto\u00bb. En la pared norte de la nave vemos a \u00abSan Juan entre multitudes\u00bb, siguiendo en el presbiterio al lado del altar la \u00abVoz del que clama en el desierto\u00bb y la \u00abAparici\u00f3n de Jes\u00fas a los fariseos\u00bb, el \u00abBautismo de Jes\u00fas en el Jord\u00e1n\u00bb y al lado izquierdo del altar mayor la \u00abAmonestaci\u00f3n a Herodes\u00bb y a la derecha \u00abSan Juan en prisi\u00f3n\u00bb.<\/p>\n<p>Cronol\u00f3gicamente la siguiente es la \u00abFiesta de Herodes\u00bb, despu\u00e9s la \u00abDecapitaci\u00f3n de San Juan\u00bb en la pared sur del presbiterio y en frente del arco triunfal \u00abHerod\u00edas y Salom\u00e9 con la cabeza de San Juan\u00bb. El ciclo se cierra con \u00abEntierro de San Juan\u00bb por encima de la entrada lateral de la puerta de la iglesia.<\/p>\n<p>La segunda serie de policrom\u00edas incluye 49 retratos de santos y beatos: reyes y obispos en la parte inferior de las paredes del presbiterio, los monjes bajo el prospecto del \u00f3rgano en la nave y las reinas y las monjas asociadas con el Reino de Hungr\u00eda en el la parte m\u00e1s baja del techo. Fue ejecutada probablemente en el a\u00f1o 1711, la fecha aparece en la viga de cruz.<\/p>\n<div id=\"attachment_72\" style=\"width: 310px\" class=\"wp-caption alignleft\"><a href=\"http:\/\/orawka-kosciol.pl\/wp-content\/uploads\/2013\/12\/IMG_7286-.jpg\"><img loading=\"lazy\" decoding=\"async\" aria-describedby=\"caption-attachment-72\" class=\"size-medium wp-image-72\" src=\"http:\/\/orawka-kosciol.pl\/wp-content\/uploads\/2013\/12\/IMG_7286--300x200.jpg\" alt=\"fot. M.Jurasz\" width=\"300\" height=\"200\" srcset=\"https:\/\/orawka-kosciol.pl\/wp-content\/uploads\/2013\/12\/IMG_7286--300x200.jpg 300w, https:\/\/orawka-kosciol.pl\/wp-content\/uploads\/2013\/12\/IMG_7286--1024x682.jpg 1024w, https:\/\/orawka-kosciol.pl\/wp-content\/uploads\/2013\/12\/IMG_7286--624x416.jpg 624w, https:\/\/orawka-kosciol.pl\/wp-content\/uploads\/2013\/12\/IMG_7286-.jpg 1500w\" sizes=\"auto, (max-width: 300px) 100vw, 300px\" \/><\/a><p id=\"caption-attachment-72\" class=\"wp-caption-text\">fot. M.Jurasz<\/p><\/div>\n<p>Otra serie de policrom\u00eda mural es Dec\u00e1logo, pintado en el prospecto del coro. El cumplimento o violaci\u00f3n de los mandamientos son im\u00e1genes tomadas de la vida de los campesinos, burgueses, peque\u00f1a nobleza y corte en el siglo XVIII. La policrom\u00eda es especialmente valiosa porque es la primera presentaci\u00f3n del vestido tradicional de Orawa.<\/p>\n<p>En un lateral del coro hay colocado un peque\u00f1o \u00f3rgano positivo, que proviene de la segunda mitad del siglo XVII. Junto a \u00e9l hay una representaci\u00f3n del cielo &#8211; \u00e1ngeles tocando instrumentos y varias palabras del Salmo 46. En la entrada del coro, en el muro sur se haya la idea del infierno y bajo el p\u00falpito, en el que est\u00e1n los evangelistas y Jes\u00fas, se muestra el purgatorio.<\/p>\n<p>En 1651 a\u00f1os, antes de la construcci\u00f3n de la iglesia, el emperador Fernando IV de Habsburgo regal\u00f3 una campana a Orawka que colgaba en una torre independiente. Un a\u00f1o m\u00e1s tarde Fernando III regal\u00f3 dos campanas nuevas, ya m\u00e1s peque\u00f1as. En 1916 la m\u00e1s grande y las m\u00e1s peque\u00f1as fueron requisadas para fines b\u00e9licos pero la campana media, la m\u00e1s antigua de todas ellas, producida en 1641 en Viena, fue salvada. Ahora se puede admirar en un campanario la piedra, situado independientemente en la parte norte de la iglesia.<\/p>\n<p>La reparaci\u00f3n general y preservaci\u00f3n de la construcci\u00f3n del templo se llev\u00f3 a cabo en los a\u00f1os 90 del siglo XX. Actualmente se efect\u00faa poco a poco la restauraci\u00f3n del mobiliario de la iglesia, de valor incalculable, seg\u00fan a las donaciones acumulados.<\/p>\n<p><em>Texto: Lucyna Borczuch\u00a0\u00a0\u00a0\u00a0 T<\/em><span id=\"result_box\" class=\"short_text\" lang=\"es\"><span class=\"hps\"><em>raducci\u00f3n: Bohuslava Holubov\u00e1<\/em><br \/>\n<\/span><\/span><\/p>","protected":false},"excerpt":{"rendered":"<p>La Iglesia Parroquial de San Juan Bautista en Orawka es la primera iglesia cat\u00f3lica parroquial en Orawa Alta. Estas tierras pertenec\u00edan al Reino de Hungr\u00eda y sus propietarios fueron desde 1556 caballeros protestantes del Castillo de Orawa, ahora en Eslovaquia. No fue sino hasta alrededor de 1650, cuando fue iniciada la construcci\u00f3n de la iglesia [&hellip;]<\/p>\n","protected":false},"author":1,"featured_media":0,"parent":0,"menu_order":1,"comment_status":"closed","ping_status":"closed","template":"","meta":{"footnotes":""},"class_list":["post-10","page","type-page","status-publish","hentry"],"_links":{"self":[{"href":"https:\/\/orawka-kosciol.pl\/es\/wp-json\/wp\/v2\/pages\/10","targetHints":{"allow":["GET"]}}],"collection":[{"href":"https:\/\/orawka-kosciol.pl\/es\/wp-json\/wp\/v2\/pages"}],"about":[{"href":"https:\/\/orawka-kosciol.pl\/es\/wp-json\/wp\/v2\/types\/page"}],"author":[{"embeddable":true,"href":"https:\/\/orawka-kosciol.pl\/es\/wp-json\/wp\/v2\/users\/1"}],"replies":[{"embeddable":true,"href":"https:\/\/orawka-kosciol.pl\/es\/wp-json\/wp\/v2\/comments?post=10"}],"version-history":[{"count":89,"href":"https:\/\/orawka-kosciol.pl\/es\/wp-json\/wp\/v2\/pages\/10\/revisions"}],"predecessor-version":[{"id":3529,"href":"https:\/\/orawka-kosciol.pl\/es\/wp-json\/wp\/v2\/pages\/10\/revisions\/3529"}],"wp:attachment":[{"href":"https:\/\/orawka-kosciol.pl\/es\/wp-json\/wp\/v2\/media?parent=10"}],"curies":[{"name":"wp","href":"https:\/\/api.w.org\/{rel}","templated":true}]}}

Descripción e Historia

<p>La Iglesia Parroquial de San Juan Bautista en Orawka es la primera iglesia católica <span id="result_box" class="short_text" lang="es"><span class="">parroquial</span></span> en Orawa Alta. Estas tierras pertenecían al Reino de Hungría y sus propietarios fueron desde 1556 caballeros protestantes del Castillo de Orawa, ahora en Eslovaquia. No fue sino hasta alrededor de 1650, cuando fue iniciada la construcción de la iglesia y establecida una parroquia católica que abarcaba 12 aldeas. El organizador de este proyecto, con el apoyo del Imperio y el arzobispado de Esztergom, fue el sacerdote polaco Jan Szczechowicz.</p>
<p>El presbiterio de la sacristía y la nave, las partes más antiguas de la iglesia, fueron construidas con vigas de alerce, es decir, sin clavos, sobre una base de piedra alrededor de los años 1650 a 1656. La capilla enyesada de piedra fue terminada en 1728 y la torre aguda fue integrada en la nave en 1901. El techo de la nave, el presbiterio y la capilla fueron diseñados y construidos en 1935.</p>
<div id="attachment_689" style="width: 210px" class="wp-caption alignleft"><a href="http://orawka-kosciol.pl/wp-content/uploads/2014/06/MG_0200.jpg"><img loading="lazy" decoding="async" aria-describedby="caption-attachment-689" class="size-medium wp-image-689" src="http://orawka-kosciol.pl/wp-content/uploads/2014/06/MG_0200-200x300.jpg" alt="fot. Tomasz Parys" width="200" height="300" srcset="https://orawka-kosciol.pl/wp-content/uploads/2014/06/MG_0200-200x300.jpg 200w, https://orawka-kosciol.pl/wp-content/uploads/2014/06/MG_0200-682x1024.jpg 682w, https://orawka-kosciol.pl/wp-content/uploads/2014/06/MG_0200-624x936.jpg 624w" sizes="auto, (max-width: 200px) 100vw, 200px" /></a><p id="caption-attachment-689" class="wp-caption-text">fot. Tomasz Parys</p></div>
<p>El altar y el púlpito provienen de la primera mitad del siglo XVIII, ejecutados en estilo barroco tardío. Este es el segundo juego en la iglesia, el original era mucho más pequeño y modesto, como lo demuestran las pinturas que se encuentran actualmente en los altares. En las dos plantas principales del altar se encuentran estas esculturas: la Piedad, a su izquierda San Adalberto, a su derecha San Estanislao, los patronos de los polacos, y junto a ellos a la izquierda San Esteban y a la derecha San Ladislao, los patronos de la monarquía húngara. En la planta de arriba, empezando desde la izquierda, Santa Barbara, la imagen de Virgen con Jesús y San Juan como niños, Santa Catalina de Alejandría.En el florón Nuestra Señora de la Victoria, que simboliza la victoria del catolicismo sobre el luteranismo.</p>
<p>El altar lateral izquierdo está dedicado a Nuestra Señora de la Inmaculada Concepción, sobre su imagen encontramos la Sagrada Familia y en el florón el Arcángel Miguel venciendo a Satanás.</p>
<p>En el altar lateral derecho hay una copia del famoso cuadro de Rubens «Cristo de la lanzada», sobre ella la Virgen de los Dolores y en el florón el Cristo Resucitado. <span id="result_box" class="" lang="es">La estatua de madera está hecho de la / siglo XVI XV. Estilo gótico con estuco: pelo, <span class="">corona y</span> <span class="">manto.</span></span></p>
<p>En el arco triunfal está el Grupo de Crucifixión barroco existente desde la construcción de esta Iglesia, así desde la izquierda encontramos a la Madre de Dios, a María Magdalena, al Cristo en la Cruz y a San Juan. En el lado izquierdo de la capa del arco triunfal está el escudo de los Habsburgo, sin el apoyo de los cuales la iglesia católica no hubiera estado en las tierras pertenecientes a los luteranos, y a la derecha el escudo del arzobispo de Esztergom György Lippay que delegó al sacerdote Szczechowicz para trabajar en Orawa Alta.</p>
<p><a href="http://orawka-kosciol.pl/wp-content/uploads/2014/01/image016.png"><img loading="lazy" decoding="async" class="alignleft size-medium wp-image-309" src="http://orawka-kosciol.pl/wp-content/uploads/2014/01/image016-249x300.png" alt="image016" width="249" height="300" srcset="https://orawka-kosciol.pl/wp-content/uploads/2014/01/image016-249x300.png 249w, https://orawka-kosciol.pl/wp-content/uploads/2014/01/image016.png 295w" sizes="auto, (max-width: 249px) 100vw, 249px" /></a>Las paredes de la iglesia están cubiertas con policromías hechas por artistas desconocidos en varias etapas, entre 1656 y mediados del siglo XVIII. Las pinturas más importantes son 14 pinturas que representan escenas de la vida de San Juan Bautista. El ciclo inicia con la «Anunciación a Zacarías» en el techo del presbiterio, seguido de la «Visitación de Isabel». Después continúa en el techo de la nave el «Nacimiento de San Juan» y el «Joven San Juan en el desierto». En la pared norte de la nave vemos a «San Juan entre multitudes», siguiendo en el presbiterio al lado del altar la «Voz del que clama en el desierto» y la «Aparición de Jesús a los fariseos», el «Bautismo de Jesús en el Jordán» y al lado izquierdo del altar mayor la «Amonestación a Herodes» y a la derecha «San Juan en prisión».</p>
<p>Cronológicamente la siguiente es la «Fiesta de Herodes», después la «Decapitación de San Juan» en la pared sur del presbiterio y en frente del arco triunfal «Herodías y Salomé con la cabeza de San Juan». El ciclo se cierra con «Entierro de San Juan» por encima de la entrada lateral de la puerta de la iglesia.</p>
<p>La segunda serie de policromías incluye 49 retratos de santos y beatos: reyes y obispos en la parte inferior de las paredes del presbiterio, los monjes bajo el prospecto del órgano en la nave y las reinas y las monjas asociadas con el Reino de Hungría en el la parte más baja del techo. Fue ejecutada probablemente en el año 1711, la fecha aparece en la viga de cruz.</p>
<div id="attachment_72" style="width: 310px" class="wp-caption alignleft"><a href="http://orawka-kosciol.pl/wp-content/uploads/2013/12/IMG_7286-.jpg"><img loading="lazy" decoding="async" aria-describedby="caption-attachment-72" class="size-medium wp-image-72" src="http://orawka-kosciol.pl/wp-content/uploads/2013/12/IMG_7286--300x200.jpg" alt="fot. M.Jurasz" width="300" height="200" srcset="https://orawka-kosciol.pl/wp-content/uploads/2013/12/IMG_7286--300x200.jpg 300w, https://orawka-kosciol.pl/wp-content/uploads/2013/12/IMG_7286--1024x682.jpg 1024w, https://orawka-kosciol.pl/wp-content/uploads/2013/12/IMG_7286--624x416.jpg 624w, https://orawka-kosciol.pl/wp-content/uploads/2013/12/IMG_7286-.jpg 1500w" sizes="auto, (max-width: 300px) 100vw, 300px" /></a><p id="caption-attachment-72" class="wp-caption-text">fot. M.Jurasz</p></div>
<p>Otra serie de policromía mural es Decálogo, pintado en el prospecto del coro. El cumplimento o violación de los mandamientos son imágenes tomadas de la vida de los campesinos, burgueses, pequeña nobleza y corte en el siglo XVIII. La policromía es especialmente valiosa porque es la primera presentación del vestido tradicional de Orawa.</p>
<p>En un lateral del coro hay colocado un pequeño órgano positivo, que proviene de la segunda mitad del siglo XVII. Junto a él hay una representación del cielo &#8211; ángeles tocando instrumentos y varias palabras del Salmo 46. En la entrada del coro, en el muro sur se haya la idea del infierno y bajo el púlpito, en el que están los evangelistas y Jesús, se muestra el purgatorio.</p>
<p>En 1651 años, antes de la construcción de la iglesia, el emperador Fernando IV de Habsburgo regaló una campana a Orawka que colgaba en una torre independiente. Un año más tarde Fernando III regaló dos campanas nuevas, ya más pequeñas. En 1916 la más grande y las más pequeñas fueron requisadas para fines bélicos pero la campana media, la más antigua de todas ellas, producida en 1641 en Viena, fue salvada. Ahora se puede admirar en un campanario la piedra, situado independientemente en la parte norte de la iglesia.</p>
<p>La reparación general y preservación de la construcción del templo se llevó a cabo en los años 90 del siglo XX. Actualmente se efectúa poco a poco la restauración del mobiliario de la iglesia, de valor incalculable, según a las donaciones acumulados.</p>
<p><em>Texto: Lucyna Borczuch     T</em><span id="result_box" class="short_text" lang="es"><span class="hps"><em>raducción: Bohuslava Holubová</em><br />
</span></span></p>

<p>La Iglesia Parroquial de San Juan Bautista en Orawka es la primera iglesia católica parroquial en Orawa Alta. Estas tierras pertenecían al Reino de Hungría y sus propietarios fueron desde 1556 caballeros protestantes del Castillo de Orawa, ahora en Eslovaquia. No fue sino hasta alrededor de 1650, cuando fue iniciada la construcción de la iglesia [&hellip;]</p>
