{"id":788,"date":"2014-09-10T16:35:52","date_gmt":"2014-09-10T14:35:52","guid":{"rendered":"http:\/\/orawka-kosciol.pl\/wp-content\/uploads\/2014\/04\/unnamed1.jpg"},"modified":"2014-09-10T16:35:52","modified_gmt":"2014-09-10T14:35:52","slug":"unnamed-5","status":"inherit","type":"attachment","link":"https:\/\/orawka-kosciol.pl\/hu\/unnamed-5\/","title":{"rendered":"unnamed"},"author":1,"featured_media":0,"comment_status":"closed","ping_status":"open","template":"","meta":[],"class_list":["post-788","attachment","type-attachment","status-inherit","hentry"],"description":{"rendered":"<p class=\"attachment\"><a href='https:\/\/orawka-kosciol.pl\/wp-content\/uploads\/2014\/04\/unnamed1.jpg'><img loading=\"lazy\" decoding=\"async\" width=\"300\" height=\"225\" src=\"https:\/\/orawka-kosciol.pl\/wp-content\/uploads\/2014\/04\/unnamed1-300x225.jpg\" class=\"attachment-medium size-medium\" alt=\"\" srcset=\"https:\/\/orawka-kosciol.pl\/wp-content\/uploads\/2014\/04\/unnamed1-300x225.jpg 300w, https:\/\/orawka-kosciol.pl\/wp-content\/uploads\/2014\/04\/unnamed1-1024x768.jpg 1024w, https:\/\/orawka-kosciol.pl\/wp-content\/uploads\/2014\/04\/unnamed1-624x468.jpg 624w, https:\/\/orawka-kosciol.pl\/wp-content\/uploads\/2014\/04\/unnamed1.jpg 1200w\" sizes=\"auto, (max-width: 300px) 100vw, 300px\" \/><\/a><\/p>\n"},"caption":{"rendered":"<p>Strzegom, bazylika \u015bw.Piotra i \u015bw. Paw\u0142a, fot.M.Cie\u015blak<\/p>\n"},"alt_text":"","media_type":"image","mime_type":"image\/jpeg","media_details":{"width":1200,"height":900,"file":"2014\/04\/unnamed1.jpg","sizes":{"thumbnail":{"file":"unnamed1-150x150.jpg","width":150,"height":150,"mime_type":"image\/jpeg","source_url":"https:\/\/orawka-kosciol.pl\/wp-content\/uploads\/2014\/04\/unnamed1-150x150.jpg"},"medium":{"file":"unnamed1-300x225.jpg","width":300,"height":225,"mime_type":"image\/jpeg","source_url":"https:\/\/orawka-kosciol.pl\/wp-content\/uploads\/2014\/04\/unnamed1-300x225.jpg"},"large":{"file":"unnamed1-1024x768.jpg","width":1024,"height":768,"mime_type":"image\/jpeg","source_url":"https:\/\/orawka-kosciol.pl\/wp-content\/uploads\/2014\/04\/unnamed1-1024x768.jpg"},"post-thumbnail":{"file":"unnamed1-624x468.jpg","width":624,"height":468,"mime_type":"image\/jpeg","source_url":"https:\/\/orawka-kosciol.pl\/wp-content\/uploads\/2014\/04\/unnamed1-624x468.jpg"},"full":{"file":"unnamed1.jpg","width":1200,"height":900,"mime_type":"image\/jpeg","source_url":"https:\/\/orawka-kosciol.pl\/wp-content\/uploads\/2014\/04\/unnamed1.jpg"}},"image_meta":{"aperture":0,"credit":"","camera":"","caption":"","created_timestamp":0,"copyright":"","focal_length":0,"iso":0,"shutter_speed":0,"title":""}},"post":null,"source_url":"https:\/\/orawka-kosciol.pl\/wp-content\/uploads\/2014\/04\/unnamed1.jpg","_links":{"self":[{"href":"https:\/\/orawka-kosciol.pl\/hu\/wp-json\/wp\/v2\/media\/788","targetHints":{"allow":["GET"]}}],"collection":[{"href":"https:\/\/orawka-kosciol.pl\/hu\/wp-json\/wp\/v2\/media"}],"about":[{"href":"https:\/\/orawka-kosciol.pl\/hu\/wp-json\/wp\/v2\/types\/attachment"}],"author":[{"embeddable":true,"href":"https:\/\/orawka-kosciol.pl\/hu\/wp-json\/wp\/v2\/users\/1"}]}}

<p>Strzegom, bazylika św.Piotra i św. Pawła, fot.M.Cieślak</p>
