{"id":832,"date":"2014-10-28T11:28:22","date_gmt":"2014-10-28T10:28:22","guid":{"rendered":"http:\/\/orawka-kosciol.pl\/wp-content\/uploads\/2014\/10\/unnamed.jpg"},"modified":"2014-10-28T11:28:22","modified_gmt":"2014-10-28T10:28:22","slug":"unnamed-6","status":"inherit","type":"attachment","link":"https:\/\/orawka-kosciol.pl\/it\/unnamed-6\/","title":{"rendered":"unnamed"},"author":1,"featured_media":0,"comment_status":"closed","ping_status":"open","template":"","meta":[],"class_list":["post-832","attachment","type-attachment","status-inherit","hentry"],"description":{"rendered":"<p class=\"attachment\"><a href='https:\/\/orawka-kosciol.pl\/wp-content\/uploads\/2014\/10\/unnamed.jpg'><img loading=\"lazy\" decoding=\"async\" width=\"300\" height=\"225\" src=\"https:\/\/orawka-kosciol.pl\/wp-content\/uploads\/2014\/10\/unnamed-300x225.jpg\" class=\"attachment-medium size-medium\" alt=\"\" srcset=\"https:\/\/orawka-kosciol.pl\/wp-content\/uploads\/2014\/10\/unnamed-300x225.jpg 300w, https:\/\/orawka-kosciol.pl\/wp-content\/uploads\/2014\/10\/unnamed-624x468.jpg 624w, https:\/\/orawka-kosciol.pl\/wp-content\/uploads\/2014\/10\/unnamed.jpg 640w\" sizes=\"auto, (max-width: 300px) 100vw, 300px\" \/><\/a><\/p>\n"},"caption":{"rendered":"<p>ch\u00f3r podczas mszy \u015bwi\u0119tej<\/p>\n"},"alt_text":"","media_type":"image","mime_type":"image\/jpeg","media_details":{"width":640,"height":480,"file":"2014\/10\/unnamed.jpg","sizes":{"thumbnail":{"file":"unnamed-150x150.jpg","width":150,"height":150,"mime_type":"image\/jpeg","source_url":"https:\/\/orawka-kosciol.pl\/wp-content\/uploads\/2014\/10\/unnamed-150x150.jpg"},"medium":{"file":"unnamed-300x225.jpg","width":300,"height":225,"mime_type":"image\/jpeg","source_url":"https:\/\/orawka-kosciol.pl\/wp-content\/uploads\/2014\/10\/unnamed-300x225.jpg"},"post-thumbnail":{"file":"unnamed-624x468.jpg","width":624,"height":468,"mime_type":"image\/jpeg","source_url":"https:\/\/orawka-kosciol.pl\/wp-content\/uploads\/2014\/10\/unnamed-624x468.jpg"},"full":{"file":"unnamed.jpg","width":640,"height":480,"mime_type":"image\/jpeg","source_url":"https:\/\/orawka-kosciol.pl\/wp-content\/uploads\/2014\/10\/unnamed.jpg"}},"image_meta":{"aperture":0,"credit":"","camera":"","caption":"","created_timestamp":0,"copyright":"","focal_length":0,"iso":0,"shutter_speed":0,"title":""}},"post":null,"source_url":"https:\/\/orawka-kosciol.pl\/wp-content\/uploads\/2014\/10\/unnamed.jpg","_links":{"self":[{"href":"https:\/\/orawka-kosciol.pl\/it\/wp-json\/wp\/v2\/media\/832","targetHints":{"allow":["GET"]}}],"collection":[{"href":"https:\/\/orawka-kosciol.pl\/it\/wp-json\/wp\/v2\/media"}],"about":[{"href":"https:\/\/orawka-kosciol.pl\/it\/wp-json\/wp\/v2\/types\/attachment"}],"author":[{"embeddable":true,"href":"https:\/\/orawka-kosciol.pl\/it\/wp-json\/wp\/v2\/users\/1"}]}}

<p>chór podczas mszy świętej</p>
